{"id":445,"date":"2020-05-06T15:35:22","date_gmt":"2020-05-06T15:35:22","guid":{"rendered":"http:\/\/dyn.schreinerei-alef.de\/?page_id=445"},"modified":"2020-05-20T07:41:31","modified_gmt":"2020-05-20T07:41:31","slug":"planung","status":"publish","type":"page","link":"https:\/\/schreinerei-alef.de\/?page_id=445","title":{"rendered":"Planung"},"content":{"rendered":"\n<div class=\"is-layout-flow wp-block-group\"><div class=\"wp-block-group__inner-container\">\n<p><\/p>\n<\/div><\/div>\n\n\n\n<div style=\"height:20px\" aria-hidden=\"true\" class=\"wp-block-spacer\"><\/div>\n\n\n\n<div class=\"wp-block-image is-style-default\"><figure class=\"alignright size-large is-resized\"><img decoding=\"async\" loading=\"lazy\" src=\"http:\/\/dyn.schreinerei-alef.de\/wp-content\/uploads\/2020\/05\/cube-w\u00f6lwer-hair-Arbeitsbereich-19.02.2016-809x1024.jpg\" alt=\"\" class=\"wp-image-546\" width=\"251\" height=\"317\" srcset=\"https:\/\/schreinerei-alef.de\/wp-content\/uploads\/2020\/05\/cube-w\u00f6lwer-hair-Arbeitsbereich-19.02.2016-809x1024.jpg 809w, https:\/\/schreinerei-alef.de\/wp-content\/uploads\/2020\/05\/cube-w\u00f6lwer-hair-Arbeitsbereich-19.02.2016-237x300.jpg 237w, https:\/\/schreinerei-alef.de\/wp-content\/uploads\/2020\/05\/cube-w\u00f6lwer-hair-Arbeitsbereich-19.02.2016-768x972.jpg 768w, https:\/\/schreinerei-alef.de\/wp-content\/uploads\/2020\/05\/cube-w\u00f6lwer-hair-Arbeitsbereich-19.02.2016-1213x1536.jpg 1213w, https:\/\/schreinerei-alef.de\/wp-content\/uploads\/2020\/05\/cube-w\u00f6lwer-hair-Arbeitsbereich-19.02.2016.jpg 1383w\" sizes=\"(max-width: 251px) 100vw, 251px\" \/><\/figure><\/div>\n\n\n\n<h4>Unsere Planung beginnt im Ihrer Idee. Bei ausf\u00fchrlichen Gespr\u00e4chen setzen wir Ihre W\u00fcnsche um, in dem wir Ihnen zuh\u00f6ren, sie beraten und Vorschl\u00e4ge unterbreiten.<\/h4>\n\n\n\n<div style=\"height:27px\" aria-hidden=\"true\" class=\"wp-block-spacer\"><\/div>\n\n\n\n<div class=\"wp-block-image\"><figure class=\"alignleft size-large is-resized\"><img decoding=\"async\" loading=\"lazy\" src=\"http:\/\/dyn.schreinerei-alef.de\/wp-content\/uploads\/2020\/05\/Schlich-Thomas-und-Eva-Garderobe-18.01.2017-mit-schr\u00e4gelementen-2-1006x1024.jpg\" alt=\"\" class=\"wp-image-549\" width=\"220\" height=\"223\" srcset=\"https:\/\/schreinerei-alef.de\/wp-content\/uploads\/2020\/05\/Schlich-Thomas-und-Eva-Garderobe-18.01.2017-mit-schr\u00e4gelementen-2-1006x1024.jpg 1006w, https:\/\/schreinerei-alef.de\/wp-content\/uploads\/2020\/05\/Schlich-Thomas-und-Eva-Garderobe-18.01.2017-mit-schr\u00e4gelementen-2-295x300.jpg 295w, https:\/\/schreinerei-alef.de\/wp-content\/uploads\/2020\/05\/Schlich-Thomas-und-Eva-Garderobe-18.01.2017-mit-schr\u00e4gelementen-2-768x782.jpg 768w, https:\/\/schreinerei-alef.de\/wp-content\/uploads\/2020\/05\/Schlich-Thomas-und-Eva-Garderobe-18.01.2017-mit-schr\u00e4gelementen-2.jpg 1157w\" sizes=\"(max-width: 220px) 100vw, 220px\" \/><\/figure><\/div>\n\n\n\n<h4>Wenn alle Planungsinhalten, Details und Fragen eindeutig gekl\u00e4rt sind, erstellen wir zur Visualisierung unter anderem mit 3D Planung Skizzen und besprechen mit Ihnen anhand von Oberfl\u00e4chenmustern ihr Projekt.<\/h4>\n\n\n\n<div style=\"height:21px\" aria-hidden=\"true\" class=\"wp-block-spacer\"><\/div>\n\n\n\n<p>Im Anschluss daran erhalten Sie von uns ein verbindliches Angebot, nachtr\u00e4gliche Aufschl\u00e4ge und Preiserh\u00f6hungen entsprechen nicht unserem Umgang mit Kunden.Gerne arbeiten wir auch mit einem Fachplaner Ihrer Wahl oder Gewerke \u00fcbergreifend mit anderen Handwerkern zusammen.<\/p>\n\n\n\n<figure class=\"is-layout-flex wp-block-gallery-2 wp-block-gallery alignright columns-0 is-cropped\"><ul class=\"blocks-gallery-grid\"><\/ul><\/figure>\n\n\n\n<div style=\"height:74px\" aria-hidden=\"true\" class=\"wp-block-spacer\"><\/div>\n\n\n\n<p>Wenn Sie m\u00f6chten&nbsp; k\u00f6nnen Sie uns gerne jederzeit in unserer Werkstatt besuchen und die Fortschritte bei der Entstehung Ihres M\u00f6belst\u00fcckes live miterleben.<\/p>\n\n\n\n<div style=\"height:100px\" aria-hidden=\"true\" class=\"wp-block-spacer\"><\/div>\n","protected":false},"excerpt":{"rendered":"<p>Unsere Planung beginnt im Ihrer Idee. Bei ausf\u00fchrlichen Gespr\u00e4chen setzen wir Ihre W\u00fcnsche um, in dem wir Ihnen zuh\u00f6ren, sie beraten und Vorschl\u00e4ge unterbreiten. Wenn alle Planungsinhalten, Details und Fragen eindeutig gekl\u00e4rt sind, erstellen wir zur Visualisierung unter anderem mit 3D Planung Skizzen und besprechen mit Ihnen anhand von Oberfl\u00e4chenmustern ihr Projekt. Im Anschluss daran [&hellip;]<\/p>\n","protected":false},"author":1,"featured_media":0,"parent":0,"menu_order":0,"comment_status":"closed","ping_status":"closed","template":"","meta":[],"_links":{"self":[{"href":"https:\/\/schreinerei-alef.de\/index.php?rest_route=\/wp\/v2\/pages\/445"}],"collection":[{"href":"https:\/\/schreinerei-alef.de\/index.php?rest_route=\/wp\/v2\/pages"}],"about":[{"href":"https:\/\/schreinerei-alef.de\/index.php?rest_route=\/wp\/v2\/types\/page"}],"author":[{"embeddable":true,"href":"https:\/\/schreinerei-alef.de\/index.php?rest_route=\/wp\/v2\/users\/1"}],"replies":[{"embeddable":true,"href":"https:\/\/schreinerei-alef.de\/index.php?rest_route=%2Fwp%2Fv2%2Fcomments&post=445"}],"version-history":[{"count":15,"href":"https:\/\/schreinerei-alef.de\/index.php?rest_route=\/wp\/v2\/pages\/445\/revisions"}],"predecessor-version":[{"id":567,"href":"https:\/\/schreinerei-alef.de\/index.php?rest_route=\/wp\/v2\/pages\/445\/revisions\/567"}],"wp:attachment":[{"href":"https:\/\/schreinerei-alef.de\/index.php?rest_route=%2Fwp%2Fv2%2Fmedia&parent=445"}],"curies":[{"name":"wp","href":"https:\/\/api.w.org\/{rel}","templated":true}]}}